 + 9*x(u). What is a(-4)?
-2
Let x = 1074 + -1075. Let l(b) be the third derivative of 5*b**4/24 + b**3/6 + 3*b**2. Calculate l(x).
-4
Let s = -539 + 533. Let y(v) = v**3 + 5*v**2 - 5*v - 8. Determine y(s).
-14
Let b(n) be the first derivative of -2*n**2 + 2*n + 435. Determine b(-3).
14
Let p = 658 - 651. Let w(v) = -2*v**2 + 10*v + 3. Give w(p).
-25
Let y(c) = 4*c**3 + 5*c**2 - c + 2. Let g(w) = 5*w**3 + 6*w**2 + 2. Let n(z) = 3*g(z) - 4*y(z). Give n(-3).
-5
Let n(w) be the second derivative of w**6/360 - 5*w**4/24 - 11*w**3/6 - w**2/2 - 52*w. Let g(r) be the second derivative of n(r). Calculate g(0).
-5
Let p = 32 + -30. Suppose i + 0*i - 6 = 0. Let k(v) = -2*v - v + p*v + i - v. Give k(5).
-4
Suppose -155*x = -156*x - 5. Let v(d) = -7*d**3 - 5*d**2 + 6*d + 10. Let y(q) = -q**3 + q + 1. Let b(u) = -v(u) + 6*y(u). Give b(x).
-4
Let i = -171 + 179. Let n(r) = 23*r + 6. Let b(s) = -13*s + 7*s - 4 - 9*s. Let p(m) = i*b(m) + 5*n(m). Determine p(-2).
8
Let i(n) = n + 8. Let l be i(-6). Let v(k) = 1 - k - 1 + l - 4. What is v(-7)?
5
Let i(k) = -k**2 - k + 5. Let w(j) = -5*j**2 - 8*j + 29. Let t(a) = 6*i(a) - w(a). What is t(-2)?
-7
Suppose -20 = 4*y + 8. Let i(a) = 2*a**3 + 16*a**2 + 17*a - 3. Let t(v) = -v**3 - 8*v**2 - 9*v + 1. Let d(s) = y*t(s) - 4*i(s). What is d(-7)?
-9
Let h(g) be the first derivative of -1/4*g**4 + 1/2*g**2 + g - 5 - 1/6*g**3 + 1/20*g**5. Let x(f) be the first derivative of h(f). Calculate x(4).
13
Let y(m) = -m**3 - 4*m**2 - 1. Let u(o) = 0 + o**2 + o + 5 - 3. Let r be u(0). Let l be 1 - ((-12)/(-4) + r). What is y(l)?
-1
Let q(a) = -a**3 - 6*a**2 - a - 6. Let s be 1*51/(3/1). Let h = 8 - s. Let d be 1/((-3)/h) + -9. What is q(d)?
0
Let c(w) = -w. Let y be 20/6*9/6. Suppose -y*o + 9 + 1 = 5*a, 5*a = 5*o + 10. Suppose -5*n + o = -x - 7, -n = 2*x - 8. What is c(x)?
-3
Suppose -l + 1 + 3 = 0. Let f(z) = -16*z**2 + 20*z**2 - 5*z**2 - 9. Let j(a) = -1. Let m(u) = l*f(u) - 36*j(u). What is m(-1)?
-4
Let s(y) be the third derivative of -y**6/720 - y**5/12 - y**4/12 + 11*y**2. Let n(l) be the second derivative of s(l). Give n(-6).
-4
Let c(s) = 2*s. Let l(m) = -m - 8. Let g(j) = 2*j**2 + 22*j - 7. Let y be g(-11). Let z be l(y). Determine c(z).
-2
Let j be (-2)/4 + 2/(-4). Let i(v) = 8*v**2 + 5*v - 4. Let h(x) = 10*x**2 + 7*x - 5. Let o(r) = -3*h(r) + 4*i(r). What is o(j)?
2
Let u(q) be the second derivative of -q**3/6 + 9*q**2/2 - 2*q. Suppose 2*o = -4*a + 22 - 34, -5*a = -4*o + 41. What is u(o)?
5
Suppose 12*o = -144 - 636. Let s = 68 + o. Let j(d) = 6*d - 4. Calculate j(s).
14
Let t(q) = q**3 - 3*q**2 + 2*q - 3. Let b = 12 - 12. Suppose b = -2*j + j. Let m be j/11 + 3*1. Calculate t(m).
3
Let h(p) = 6*p + 1. Let j = -31 + -1. Let m = j - -29. What is h(m)?
-17
Let h(o) = o - 12. Let d be h(15). Let w(s) = -3*s + 4. Determine w(d).
-5
Let v be 4/1 - (-10)/(-2). Let w be 8 - (v + 16/4). Let q(k) = k**2 - 7*k - 6. Determine q(w).
-16
Let x(y) be the third derivative of 0 - 55*y**2 - 7/60*y**5 - 1/120*y**6 + 0*y + 1/3*y**3 + 1/12*y**4. Let z be -8 + 1 + 0/1. Give x(z).
-12
Let u = 7 + -1. Let h(y) = 11*y**2 + 3*y - 3. Let p(c) = -29*c**2 - 9*c + 7. Let o(r) = 8*h(r) + 3*p(r). Give o(u).
15
Let g be 3 - 0/((-6)/3). Let q be (2 + g)*(-4)/2. Let t be q/(-5) + (-2 - 0). Let h(a) = a - 13. What is h(t)?
-13
Let s(w) = 2*w**2 + 19*w. Let j(h) = 31*h + 207. Let c be j(-7). What is s(c)?
10
Let r(i) = -i**3 + 8*i**2 + 9*i + 5. Let a(s) = 2*s**3 - 17*s**2 - 20*s - 10. Let n(g) = -3*a(g) - 7*r(g). Let y(h) = -7*h - 1. Let c be y(-1). Give n(c).
13
Let g be 0 + ((-32)/4)/2. Let b(y) = y**2 + 3*y - 5. Determine b(g).
-1
Let q = -119 - -98. Let g = q + 27. Let v(k) = -3*k - 3. Determine v(g).
-21
Let z(h) = -h**2 + 13*h - 2. Let x(q) = -q**2 + 14*q - 1. Let r(c) = -2*x(c) + 3*z(c). Suppose 5*y + 0*y = -4*v + 44, -5*y - 55 = -5*v. What is r(v)?
-4
Let b(o) be the second derivative of -o**6/72 + o**5/60 + 3*o**4 + 28*o. Let l(a) be the third derivative of b(a). Calculate l(2).
-18
Let p(q) = -q + 1. Let x(k) = -5*k - 5. Let a be x(-5). Let l = -21 + 38. Let u = l - a. Determine p(u).
4
Let w be (-174)/(-2)*3/9*1. Suppose 0 = 5*u + 1 + w. Let i(k) = -2*k - 1. What is i(u)?
11
Let d = -192 + 193. Let h(x) = -9*x**2 - x. Calculate h(d).
-10
Let y be -2 + (4 + -2 - 3). Let k(b) be the first derivative of b**2/2 + b - 4. Let q be k(y). Let m(i) = i. Calculate m(q).
-2
Let w(v) = v + 5. Suppose 15*q = 13*q + 20. Suppose -u - q = 5*t - t, -46 = -5*u + 4*t. Let f be (7 + -13)*4/u. Calculate w(f).
1
Let c(p) be the third derivative of -p**6/180 - p**5/24 - p**4/8 - 3*p**3/2 + 16*p**2. Let d(f) be the first derivative of c(f). Give d(-3).
-6
Let h(z) be the first derivative of -z**3/6 - z**2 + 12*z + 3. Let l(m) be the first derivative of h(m). What is l(-7)?
5
Let p(z) = z**2 - z + 3. Let i(c) = c**2 + 14*c - 7. Let w be i(-16). Let s = w + -25. Suppose -29*q + 31*q = s. What is p(q)?
3
Suppose 3*x - 32 = -x. Let w = -10 + x. Let l(h) = 6*h**2 - 5*h**2 + 2 - 13*h + 17*h. Determine l(w).
-2
Let a(z) = 2*z**2 + z - 1. Let m(k) = -k**3 + 2*k**2 + 5*k + 2. Let h(i) = a(i) - m(i). Give h(-4).
-51
Suppose 7*k = -k. Let p(m) = -8*m + 2 + 0*m + k*m + 12*m. What is p(-2)?
-6
Let i(o) = 10*o + 8. Let f be i(0). Let a(j) = j**2 - 7*j + 2. Calculate a(f).
10
Let k(u) = u - 3. Let r be k(3). Suppose 13 = -o + 4*y, 18 = -2*o - r*y + 4*y. Let n(p) = -4*p. Calculate n(o).
20
Let q(r) = -3*r**2 + r + 2. Let k(u) = -u**3 - 7*u**2 - 2*u + 8. Let g(o) = -k(o) + 5*q(o). What is g(7)?
2
Let b(n) = -9*n - 99*n**2 - 105*n**2 + 203*n**2 - 15. Give b(-7).
-1
Let v(x) = 2*x**3 - 2*x**2 + x - 2. Let o be 451/(-55) + 10 - 2/(-10). What is v(o)?
8
Let d(i) = i**2 + i + 1. Let y(t) = 2*t**2 + 3*t + 3. Suppose 4*r = -17 - 3. Let m(s) = r*d(s) + 2*y(s). Determine m(3).
-5
Suppose -36 = 4*f - 12. Let y(k) = 9*k + 6. Let u(m) = 8*m + 5. Let i(x) = f*u(x) + 5*y(x). What is i(-4)?
12
Let l(x) be the second derivative of x**3/3 - 3*x**2/2 - x. Let c = 214 + -221. Let j be (5 - (-7)/c) + -1. Calculate l(j).
3
Let y(w) = -23*w**2 + 2*w - 2. Let i(j) = 578*j**2 - 51*j + 51. Let n(s) = 4*i(s) + 102*y(s). Give n(1).
-34
Suppose -4*q + 0*q = -40. Let o(m) = -4 + 12*m + 10 - q*m. Determine o(-4).
-2
Let f(m) = 115*m**2 - 114*m**2 - 5*m - 27 + 5*m - 13. Calculate f(7).
9
Let m(c) be the third derivative of c**4/8 - 2*c**3 - 404*c**2. What is m(14)?
30
Suppose 5*r + 0 = -5. Let k(y) be the first derivative of 3*y**2/2 + 7*y - 2. Let t(b) = 3*b + 6. Let u(a) = -5*k(a) + 6*t(a). Give u(r).
-2
Let v = 210 + -208. Let y(p) = 2*p**3 + p. Calculate y(v).
18
Let z(t) = t**2 + t - 6. Suppose -k + 2*h = 4, -5*k + h = -2*k + 2. What is z(k)?
-6
Suppose -2*i - 5 = -3*i, 4*h = -4*i - 40. Let a = -37 + 22. Let j = a - h. Let t(g) = g**2 - g - 10. Give t(j).
-10
Let l(c) be the first derivative of c**3/3 - 7*c**2/2 + 6*c + 9. Let t(h) = 2*h**2 - 16*h - 13. Let p be t(9). Give l(p).
-4
Let u(r) be the first derivative of r**3 - 2*r**2 - r + 468. Calculate u(3).
14
Let o(y) = y - 1 + 4 - 2*y + 4. Let s(p) = -p**2 - 6*p + 8. Let q(k) = -1. Let n(u) = -5*q(u) - s(u). Let x be n(-7). Give o(x).
3
Let f(u) be the first derivative of 1/2*u**2 - 1/4*u**4 + 4/3*u**3 - 2 - 4*u. Calculate f(4).
0
Let t(z) be the third derivative of 2/3*z**3 - 7*z**2 + 0*z + 1/24*z**4 + 0. Determine t(-6).
-2
Let c(n) = n**3 - 4*n**2 - 3*n + 4. Let g = 7 + -5. Suppose 3 = -w + g. Let v = w + 5. What is c(v)?
-8
Let a(x) = -x**2 - 2*x + 4 + 4 - 3. Suppose -2*o = -4*k + k - 111, -157 = -3*o - 5*k. Suppose -61*r = -o*r + 35. Give a(r).
-10
Let y(w) = 6*w**2 - 8*w - 26. Let n(j) = -3*j**2 + 4*j + 15. Let a(k) = -7*n(k) - 4*y(k). Determine a(3).
-16
Let r = 23 + -11. Let g = r + -10. Let t(k) = -k - 2 - 2 + g*k. Calculate t(-3).
-7
Let l(p) = -p**3 + 4*p**2 - 2*p - 3. Suppose -3*y + i + 13 = 0, 13*y - 4*i = 17*y + 4. Determine l(y).
0
Let x = 92 + -86. Let q(b) = -b + 2. Calculate q(x).
-4
Let o(i) = 4*i**3 - i**2 - 1. Let x(d) = 5*d**3 - d**2 - 1. Let u(k) = 6*o(k) - 5*x(k). Let a be (11 - 8)*(-2)/6. Determine u(a).
-1
Let l = 4 - 1. Let m(c) = -11*c**3 + 23*c**2 - 15*c + 20. Let p(w) = -7*w**3 + 15*w**2 - 10*w + 13. Let j(r) = -5*m(r) + 8*p(r). Determine j(l).
7
Let q(k) = k**2 + 2*k + 1. Let y = 135 - 132. What is q(y)?
16
Suppose -5*k = 10,